What is the highest common divisor of 24123 and 1479?
51
Calculate the highest common divisor of 404 and 11976.
4
Calculate the greatest common factor of 46624 and 2336.
32
Calculate the greatest common factor of 48 and 1936.
16
What is the highest common factor of 374 and 248472?
34
What is the greatest common divisor of 34756 and 8?
4
Calculate the highest common divisor of 53848 and 2332.
212
Calculate the highest common factor of 123579 and 23.
23
What is the greatest common divisor of 2765 and 101120?
395
Calculate the highest common factor of 1721892 and 426.
426
What is the highest common factor of 30239 and 55?
11
What is the highest common factor of 30174 and 9309?
321
Calculate the greatest common factor of 68 and 118303.
17
What is the greatest common factor of 336 and 10962?
42
Calculate the highest common divisor of 1309 and 34.
17
Calculate the greatest common factor of 580538 and 378.
14
What is the highest common factor of 3829243 and 22?
11
What is the highest common factor of 276650 and 275?
275
Calculate the greatest common factor of 122 and 541802.
122
What is the greatest common divisor of 550 and 27?
1
Calculate the highest common factor of 27522 and 308.
22
Calculate the greatest common divisor of 434 and 11809791.
217
What is the greatest common factor of 424 and 179882?
106
What is the greatest common divisor of 946 and 561?
11
Calculate the highest common divisor of 4758 and 15132.
78
Calculate the highest common divisor of 234 and 18234.
18
What is the greatest common factor of 399 and 62517?
21
Calculate the greatest common divisor of 393 and 184841.
131
Calculate the highest common divisor of 100 and 5851575.
25
What is the highest common factor of 1002506 and 3448?
862
Calculate the highest common divisor of 154044 and 996.
12
Calculate the highest common divisor of 2526 and 66.
6
Calculate the highest common factor of 5425681 and 863.
863
What is the greatest common factor of 6723 and 48?
3
What is the greatest common divisor of 584 and 31760?
8
What is the highest common factor of 27375 and 69423?
219
Calculate the highest common factor of 2590 and 222.
74
Calculate the highest common factor of 205 and 3581.
1
What is the greatest common divisor of 463574 and 124?
62
What is the greatest common divisor of 50205 and 435?
15
Calculate the greatest common divisor of 174 and 5315613.
87
Calculate the highest common factor of 25942 and 442.
34
What is the highest common divisor of 9159 and 4473?
213
What is the greatest common divisor of 18496 and 2432?
64
What is the highest common divisor of 115413 and 663?
51
What is the greatest common factor of 2854544 and 784?
784
Calculate the greatest common divisor of 194333 and 2611.
373
Calculate the greatest common factor of 18769 and 8768.
137
What is the greatest common factor of 97022 and 10121?
349
What is the highest common factor of 407 and 6771?
37
What is the highest common divisor of 25208 and 713?
23
What is the greatest common factor of 2351717 and 2517?
839
What is the greatest common factor of 15021 and 27?
9
Calculate the highest common divisor of 66939 and 13886.
53
What is the greatest common divisor of 733500 and 1980?
180
What is the highest common factor of 32910 and 2160?
30
What is the highest common factor of 128692 and 88?
4
Calculate the highest common divisor of 14270 and 3980.
10
What is the greatest common factor of 49228 and 2108?
124
What is the highest common divisor of 252113 and 122?
61
What is the highest common divisor of 14328 and 10872?
72
What is the greatest common divisor of 732 and 1186206?
366
Calculate the highest common factor of 556 and 6548012.
556
What is the greatest common factor of 124688 and 16?
16
Calculate the highest common factor of 44 and 41352.
4
Calculate the highest common divisor of 372 and 539772.
372
What is the greatest common divisor of 3396 and 444?
12
Calculate the highest common divisor of 533 and 2405.
13
What is the greatest common factor of 642851 and 11?
11
What is the highest common factor of 1620 and 103860?
180
What is the highest common factor of 58025 and 275?
275
What is the highest common divisor of 136 and 2656?
8
Calculate the greatest common factor of 1 and 149259.
1
Calculate the highest common divisor of 372615 and 15.
15
Calculate the greatest common divisor of 175 and 169645.
35
Calculate the highest common factor of 54 and 20754.
18
What is the greatest common factor of 12 and 1830748?
4
What is the greatest common factor of 1722 and 4674?
246
Calculate the greatest common divisor of 11 and 93742.
11
What is the greatest common divisor of 2331600 and 1450?
1450
Calculate the greatest common divisor of 81 and 8343.
81
Calculate the highest common divisor of 44496 and 192.
48
What is the highest common divisor of 20792 and 368?
184
What is the greatest common factor of 351285 and 55?
55
Calculate the highest common factor of 306992 and 448.
112
Calculate the greatest common factor of 9728 and 7980.
76
What is the highest common factor of 10604340 and 18?
18
What is the highest common factor of 217 and 2017387?
31
What is the highest common factor of 62780 and 80?
20
Calculate the highest common divisor of 1428 and 28713.
51
Calculate the highest common factor of 1505 and 707.
7
Calculate the highest common factor of 30884 and 56.
28
Calculate the greatest common factor of 15962 and 1058.
46
Calculate the highest common factor of 2088 and 134.
2
What is the highest common factor of 170 and 67490?
170
Calculate the highest common factor of 82 and 7244249.
41
What is the highest common divisor of 144256 and 3220?
644
Calculate the highest common divisor of 10317 and 1824.
57
Calculate the greatest common divisor of 195 and 2287545.
195
What is the highest common factor of 51248 and 80?
16
Calculate the greatest common factor of 630 and 11520.
90
What is the highest common factor of 493860 and 320?
20
Calculate the highest common divisor of 9720 and 240.
120
Calculate the greatest common divisor of 190784 and 1804.
44
Calculate the highest common factor of 316715 and 20.
5
What is the greatest common divisor of 328361 and 11?
11
Calculate the highest common factor of 3630278 and 29.
29
Calculate the greatest common factor of 66464 and 682.
62
Calculate the greatest common factor of 12 and 1812.
12
What is the highest common factor of 6630 and 10965?
255
Calculate the highest common factor of 217213 and 3092.
773
What is the highest common divisor of 1365 and 18746?
91
What is the greatest common factor of 254752 and 304?
304
What is the highest common factor of 16641 and 7191?
9
Calculate the greatest common factor of 122 and 165554.
122
Calculate the highest common divisor of 56224 and 28363.
251
What is the highest common divisor of 26 and 156286?
26
Calculate the greatest common divisor of 30920 and 40.
40
What is the highest common divisor of 117 and 5447?
13
Calculate the highest common divisor of 106 and 2491.
53
Calculate the highest common divisor of 120 and 30060.
60
What is the greatest common divisor of 99 and 165?
33
Calculate the highest common factor of 84 and 509484.
12
Calculate the highest common factor of 85214 and 548.
274
What is the greatest common divisor of 519123 and 33?
33
Calculate the greatest common factor of 342 and 810.
18
Calculate the highest common divisor of 833806 and 584.
146
Calculate the highest common factor of 191754 and 212.
106
What is the highest common divisor of 280 and 1654360?
40
What is the greatest common divisor of 121958 and 1734?
578
What is the highest common factor of 530514 and 18?
18
What is the greatest common divisor of 383643 and 78?
39
What is the highest common divisor of 120 and 7640?
40
Calculate the highest common factor of 52 and 227357.
13
What is the highest common divisor of 5814 and 33003?
171
What is the highest common factor of 39974 and 5566?
506
What is the highest common divisor of 314895 and 420?
105
Calculate the greatest common factor of 6 and 46554.
6
Calculate the greatest common divisor of 446306 and 994.
994
Calculate the highest common divisor of 1472 and 144064.
64
What is the greatest common divisor of 38 and 792262?
38
Calculate the highest common divisor of 12936 and 216.
24
Calculate the greatest common 